the prime factors of 151246?
2, 47, 1609
What are the prime factors of 23020?
2, 5, 1151
List the prime factors of 41241916.
2, 751, 13729
What are the prime factors of 342323?
19, 43, 419
List the prime factors of 7651781.
1627, 4703
What are the prime factors of 18784185?
3, 5, 7, 178897
List the prime factors of 123355.
5, 24671
What are the prime factors of 7087688?
2, 885961
What are the prime factors of 33140797?
139, 238423
What are the prime factors of 1480220?
2, 5, 7, 97, 109
What are the prime factors of 9521752?
2, 199, 5981
What are the prime factors of 35971933?
35971933
List the prime factors of 29769622.
2, 2531, 5881
List the prime factors of 1987537.
1987537
List the prime factors of 930574.
2, 53, 8779
What are the prime factors of 23670390?
2, 3, 5, 19, 131, 317
What are the prime factors of 442705?
5, 37, 2393
What are the prime factors of 5973657?
3, 19, 104801
List the prime factors of 351642.
2, 3, 103, 569
What are the prime factors of 215763?
3, 23, 53, 59
List the prime factors of 194028.
2, 3, 19, 23, 37
What are the prime factors of 327884?
2, 81971
List the prime factors of 2218123.
29, 76487
What are the prime factors of 113650?
2, 5, 2273
What are the prime factors of 12303815?
5, 353, 6971
List the prime factors of 15340729.
15340729
What are the prime factors of 5918422?
2, 281, 10531
List the prime factors of 847074.
2, 3, 141179
List the prime factors of 1288635.
3, 5, 85909
List the prime factors of 861481.
197, 4373
What are the prime factors of 121388?
2, 30347
List the prime factors of 846663.
3, 282221
List the prime factors of 460803.
3, 7, 21943
List the prime factors of 3312527.
3312527
What are the prime factors of 5708165?
5, 1141633
What are the prime factors of 60997?
181, 337
List the prime factors of 450506.
2, 7, 4597
What are the prime factors of 13469143?
13469143
List the prime factors of 4218044.
2, 191, 5521
List the prime factors of 226602.
2, 3, 12589
List the prime factors of 28760441.
283, 101627
What are the prime factors of 296873?
29, 353
List the prime factors of 40607.
7, 5801
What are the prime factors of 442928?
2, 19, 31, 47
List the prime factors of 12530214.
2, 3, 77347
List the prime factors of 871622.
2, 107, 4073
List the prime factors of 27965.
5, 7, 17, 47
What are the prime factors of 2001403?
19, 105337
What are the prime factors of 5452608?
2, 3, 7, 4057
List the prime factors of 10074252.
2, 3, 29, 28949
List the prime factors of 1481832.
2, 3, 11, 1871
List the prime factors of 4538599.
13, 127, 2749
What are the prime factors of 14143331?
2957, 4783
What are the prime factors of 10013894?
2, 11, 455177
What are the prime factors of 510434?
2, 255217
List the prime factors of 10035932.
2, 593, 4231
List the prime factors of 175710.
2, 3, 5, 5857
List the prime factors of 674417.
227, 2971
List the prime factors of 5112117.
3, 31, 73, 251
List the prime factors of 54723.
3, 17, 29, 37
What are the prime factors of 945859?
613, 1543
What are the prime factors of 5793742?
2, 71, 40801
What are the prime factors of 3290579?
3290579
List the prime factors of 14823189.
3, 47, 11681
What are the prime factors of 521287?
13, 40099
List the prime factors of 819323.
197, 4159
List the prime factors of 646877.
7, 11, 31, 271
What are the prime factors of 70345?
5, 11, 1279
What are the prime factors of 985367?
79, 12473
What are the prime factors of 4354594?
2, 2177297
What are the prime factors of 3912?
2, 3, 163
What are the prime factors of 20100325?
5, 7, 114859
List the prime factors of 16526693.
2063, 8011
What are the prime factors of 1063339?
53, 20063
What are the prime factors of 7830751?
1627, 4813
What are the prime factors of 22526914?
2, 1283, 8779
List the prime factors of 286187.
11, 26017
What are the prime factors of 3212934?
2, 3, 535489
What are the prime factors of 13056554?
2, 7, 29, 32159
What are the prime factors of 796096?
2, 7, 1777
What are the prime factors of 9709367?
9709367
What are the prime factors of 178476?
2, 3, 107, 139
List the prime factors of 364134.
2, 3, 60689
What are the prime factors of 15337953?
3, 1704217
List the prime factors of 1074985.
5, 163, 1319
What are the prime factors of 749110?
2, 5, 23, 3257
What are the prime factors of 7409256?
2, 3, 139, 2221
What are the prime factors of 875370?
2, 3, 5, 29179
List the prime factors of 1684453.
157, 10729
What are the prime factors of 789294?
2, 3, 11, 11959
List the prime factors of 287198.
2, 17, 8447
List the prime factors of 1209135.
3, 5, 149, 541
List the prime factors of 1935010.
2, 5, 7, 11, 359
List the prime factors of 16386531.
3, 7, 19, 5867
List the prime factors of 9821094.
2, 3, 1636849
List the prime factors of 603348.
2, 3, 137, 367
List the prime factors of 11015407.
13, 847339
What are the prime factors of 1590887?
23, 263
List the prime factors of 120623.
120623
List the prime factors of 9469181.
9469181
List the prime factors of 2482713.
3, 311, 887
List the prime factors of 5666031.
3, 7, 3331
What are the prime factors of 459362?
2, 229681
List the prime factors of 61599.
3, 20533
List the prime factors of 1713859.
7, 244837
What are the prime factors of 28498262?
2, 13, 47, 23321
What are the prime factors of 1896268?
2, 11, 71, 607
List the prime factors of 347244.
2, 3, 19, 1523
List the prime factors of 2618083.
13, 37, 5443
List the prime factors of 221081.
7, 31583
List the prime factors of 32285.
5, 11, 587
What are the prime factors of 3425621?
3425621
List the prime factors of 1205261.
149, 8089
What are the prime factors of 459793?
23, 19991
What are the prime factors of 1832596?
2, 31, 14779
List the prime factors of 723702.
2, 3, 7, 17231
What are the prime factors of 13015?
5, 19, 137
List the prime factors of 12839477.
7, 757, 2423
List the prime factors of 40406827.
61, 662407
List the prime factors of 211905.
3, 5, 17, 277
List the prime factors of 83687.
53, 1579
What are the prime factors of 774308?
2, 193577
List the prime factors of 1914477.
3, 638159
List the prime factors of 39054.
2, 3, 23, 283
What are the prime factors of 625862?
2, 312931
List the prime factors of 3360711.
3, 1120237
What are the prime factors of 61050?
2, 3, 5, 11, 37
What are the prime factors of 3581568?
2, 3, 3109
What are the prime factors of 853470?
2, 3, 5, 29, 109
What are the prime factors of 2766226?
2, 1383113
What are the prime factors of 2558098?
2, 53, 24133
List the prime factors of 5976846.
2, 3, 223, 1489
List the prime factors of 3724853.
11, 17, 19919
List the prime factors of 15740694.
2, 3, 23, 193, 197
What are the prime factors of 516405?
3, 5, 173, 199
List the prime factors of 810247.
31, 59, 443
List the prime factors of 947534.
2, 7, 53, 1277
List the prime factors of 1492259.
283, 5273
What are the prime factors of 2219048?
2, 13, 19, 1123
List the prime factors of 18194086.
2, 31, 293453
What are the prime factors of 378701?
43, 8807
List the prime factors of 2200529.
127, 17327
What are the prime factors of 60219?
3, 6691
What are the prime factors of 510360?
2, 3, 5, 4253
List the prime factors of 4248099.
3, 43, 3659
What are the prime factors of 888264?
2, 3, 13, 73
What are the prime factors of 636661?
79, 8059
List the prime factors of 16882897.
23, 173, 4243
What are the prime factors of 2077075?
5, 7, 11, 13, 83
What are the prime factors of 451846?
2, 157, 1439
List the prime factors of 147609.
3, 7, 11, 71
List the prime factors of 16977.
3, 5659
List the prime factors of 364456.
2, 45557
What are the prime factors of 15297124?
2, 3824281
List the prime factors of 5374239.
3, 13, 41, 3361
What are the prime factors of 2282716?
2, 31, 41, 449
What are the prime factors of 23410371?
3, 47, 166031
What are the prime factors of 20019699?
3, 7, 317773
What are the prime factors of 40167850?
2, 5, 83, 9679
List the prime factors of 25816933.
223, 115771
What are the prime factors of 25156992?
2, 3, 7, 191
List the prime factors of 12207671.
7, 19, 263, 349
What are the prime factors of 1634415?
3, 5, 108961
List the prime factors of 163398.
2, 3, 113, 241
What are the prime factors of 2132869?
1021, 2089
List the prime factors of 172043.
43, 4001
List the prime factors of 14687750.
2, 5, 7, 11, 109
What are the prime factors o